{"id":11310,"date":"2021-03-22T19:19:03","date_gmt":"2021-03-23T00:19:03","guid":{"rendered":"https:\/\/vinal.co\/?post_type=product&#038;p=11310"},"modified":"2026-03-08T13:40:34","modified_gmt":"2026-03-08T18:40:34","slug":"sol-de-chile-carmenere","status":"publish","type":"product","link":"https:\/\/vinal.co\/index.php\/product\/sol-de-chile-carmenere\/","title":{"rendered":"Sol De Chile Carmenere"},"content":{"rendered":"<p>El vino Sol De Chile Carmenere proviene de Vi\u00f1a de Aguirre, uno de los vi\u00f1edos m\u00e1s premiados y reconocidos de Chile. Ubicados en Villa Alegre, 285 km al sur de Santiago, en el Valle del Maule. Este lugar posee un clima de tipo mediterr\u00e1neo, donde las lluvias de invierno son normales y los veranos secos, con marcadas variaciones de temperatura entre el d\u00eda y la noche. Esto permite que las uvas obtengan el desarrollo de tanino maduro, as\u00ed como excelentes aromas y la concentraci\u00f3n de color.<\/p>\n<h4><span style=\"color: #87764f;\"><a style=\"color: #87764f;\" href=\"https:\/\/vinal.co\/wp-content\/uploads\/2026\/03\/FT-Sol-De-Chile-Carmenere.pdf\" target=\"_blank\" rel=\"noopener noreferrer\">Ficha T\u00e9cnica<\/a><\/span><\/h4>\n","protected":false},"excerpt":{"rendered":"<p>REGI\u00d3N | Chile, Villa Alegre<br \/>\nD.O. | Valle Central<br \/>\nCEPAS | Carm\u00e9n\u00e9re<br \/>\nNOTAS DE CATA | Color: Nuestro Carm\u00e9n\u00e8re presenta un intenso color violeta oscuro. | Aroma: En nariz ofrece aromas de fruta roja fresca, con notas de ciruela, mermelada y especias. | Boca: Sus taninos son suaves y aterciopelados. Marida perfectamente con carnes rojas suaves, aves y quesos blandos.<\/p>\n","protected":false},"featured_media":11902,"template":"","meta":{"om_disable_all_campaigns":false,"_monsterinsights_skip_tracking":false,"_monsterinsights_sitenote_active":false,"_monsterinsights_sitenote_note":"","_monsterinsights_sitenote_category":0,"_uf_show_specific_survey":0,"_uf_disable_surveys":false,"_joinchat":[]},"product_brand":[193],"product_cat":[179,26,23],"product_tag":[163,159,160,35,161,28,162,89],"class_list":{"0":"post-11310","1":"product","2":"type-product","3":"status-publish","4":"has-post-thumbnail","6":"product_brand-sol-de-chile","7":"product_cat-chile","8":"product_cat-tinto","9":"product_cat-vino","10":"product_tag-carmenere","11":"product_tag-chile","12":"product_tag-maule","13":"product_tag-tinto","14":"product_tag-valle-central","15":"product_tag-vino","16":"product_tag-vino-chileno","17":"product_tag-vino-tinto","19":"first","20":"instock","21":"shipping-taxable","22":"product-type-simple"},"yoast_head":"<!-- This site is optimized with the Yoast SEO plugin v27.3 - https:\/\/yoast.com\/product\/yoast-seo-wordpress\/ -->\n<title>Vino Sol de Chile Carmenere<\/title>\n<meta name=\"description\" content=\"Vino tinto Sol de Chile Carmenere, Vi\u00f1a de Aguirre valle del Maule. De intenso color rojo viol\u00e1ceo. Sus aromas nos recuerdan a frutas rojas frescas.\" \/>\n<meta name=\"robots\" content=\"index, follow, max-snippet:-1, max-image-preview:large, max-video-preview:-1\" \/>\n<link rel=\"canonical\" href=\"https:\/\/vinal.co\/index.php\/product\/sol-de-chile-carmenere\/\" \/>\n<meta property=\"og:locale\" content=\"es_ES\" \/>\n<meta property=\"og:type\" content=\"article\" \/>\n<meta property=\"og:title\" content=\"Vino Sol de Chile Carmenere\" \/>\n<meta property=\"og:description\" content=\"Vino tinto Sol de Chile Carmenere, Vi\u00f1a de Aguirre valle del Maule. De intenso color rojo viol\u00e1ceo. Sus aromas nos recuerdan a frutas rojas frescas.\" \/>\n<meta property=\"og:url\" content=\"https:\/\/vinal.co\/index.php\/product\/sol-de-chile-carmenere\/\" \/>\n<meta property=\"og:site_name\" content=\"Vinal Colombia\" \/>\n<meta property=\"article:publisher\" content=\"https:\/\/www.facebook.com\/VinalColombia\/\" \/>\n<meta property=\"article:modified_time\" content=\"2026-03-08T18:40:34+00:00\" \/>\n<meta property=\"og:image\" content=\"https:\/\/vinal.co\/wp-content\/uploads\/2026\/02\/SDC-CR.png\" \/>\n\t<meta property=\"og:image:width\" content=\"840\" \/>\n\t<meta property=\"og:image:height\" content=\"840\" \/>\n\t<meta property=\"og:image:type\" content=\"image\/png\" \/>\n<meta name=\"twitter:card\" content=\"summary_large_image\" \/>\n<meta name=\"twitter:label1\" content=\"Tiempo de lectura\" \/>\n\t<meta name=\"twitter:data1\" content=\"1 minuto\" \/>\n<script type=\"application\/ld+json\" class=\"yoast-schema-graph\">{\"@context\":\"https:\\\/\\\/schema.org\",\"@graph\":[{\"@type\":\"WebPage\",\"@id\":\"https:\\\/\\\/vinal.co\\\/index.php\\\/product\\\/sol-de-chile-carmenere\\\/\",\"url\":\"https:\\\/\\\/vinal.co\\\/index.php\\\/product\\\/sol-de-chile-carmenere\\\/\",\"name\":\"Vino Sol de Chile Carmenere\",\"isPartOf\":{\"@id\":\"https:\\\/\\\/vinal.co\\\/#website\"},\"primaryImageOfPage\":{\"@id\":\"https:\\\/\\\/vinal.co\\\/index.php\\\/product\\\/sol-de-chile-carmenere\\\/#primaryimage\"},\"image\":{\"@id\":\"https:\\\/\\\/vinal.co\\\/index.php\\\/product\\\/sol-de-chile-carmenere\\\/#primaryimage\"},\"thumbnailUrl\":\"https:\\\/\\\/vinal.co\\\/wp-content\\\/uploads\\\/2026\\\/02\\\/SDC-CR.png\",\"datePublished\":\"2021-03-23T00:19:03+00:00\",\"dateModified\":\"2026-03-08T18:40:34+00:00\",\"description\":\"Vino tinto Sol de Chile Carmenere, Vi\u00f1a de Aguirre valle del Maule. De intenso color rojo viol\u00e1ceo. Sus aromas nos recuerdan a frutas rojas frescas.\",\"breadcrumb\":{\"@id\":\"https:\\\/\\\/vinal.co\\\/index.php\\\/product\\\/sol-de-chile-carmenere\\\/#breadcrumb\"},\"inLanguage\":\"es\",\"potentialAction\":[{\"@type\":\"ReadAction\",\"target\":[\"https:\\\/\\\/vinal.co\\\/index.php\\\/product\\\/sol-de-chile-carmenere\\\/\"]}]},{\"@type\":\"ImageObject\",\"inLanguage\":\"es\",\"@id\":\"https:\\\/\\\/vinal.co\\\/index.php\\\/product\\\/sol-de-chile-carmenere\\\/#primaryimage\",\"url\":\"https:\\\/\\\/vinal.co\\\/wp-content\\\/uploads\\\/2026\\\/02\\\/SDC-CR.png\",\"contentUrl\":\"https:\\\/\\\/vinal.co\\\/wp-content\\\/uploads\\\/2026\\\/02\\\/SDC-CR.png\",\"width\":840,\"height\":840,\"caption\":\"Botella vino Sol de chile cabernet carmenere\"},{\"@type\":\"BreadcrumbList\",\"@id\":\"https:\\\/\\\/vinal.co\\\/index.php\\\/product\\\/sol-de-chile-carmenere\\\/#breadcrumb\",\"itemListElement\":[{\"@type\":\"ListItem\",\"position\":1,\"name\":\"Inicio\",\"item\":\"https:\\\/\\\/vinal.co\\\/\"},{\"@type\":\"ListItem\",\"position\":2,\"name\":\"Comprar\",\"item\":\"https:\\\/\\\/vinal.co\\\/index.php\\\/vinal-colombia-vinos-y-alimentos\\\/\"},{\"@type\":\"ListItem\",\"position\":3,\"name\":\"Sol De Chile Carmenere\"}]},{\"@type\":\"WebSite\",\"@id\":\"https:\\\/\\\/vinal.co\\\/#website\",\"url\":\"https:\\\/\\\/vinal.co\\\/\",\"name\":\"Vinal Colombia\",\"description\":\"El mundo en una copa!\",\"publisher\":{\"@id\":\"https:\\\/\\\/vinal.co\\\/#organization\"},\"potentialAction\":[{\"@type\":\"SearchAction\",\"target\":{\"@type\":\"EntryPoint\",\"urlTemplate\":\"https:\\\/\\\/vinal.co\\\/?s={search_term_string}\"},\"query-input\":{\"@type\":\"PropertyValueSpecification\",\"valueRequired\":true,\"valueName\":\"search_term_string\"}}],\"inLanguage\":\"es\"},{\"@type\":\"Organization\",\"@id\":\"https:\\\/\\\/vinal.co\\\/#organization\",\"name\":\"VINAL COLOMBIA\",\"url\":\"https:\\\/\\\/vinal.co\\\/\",\"logo\":{\"@type\":\"ImageObject\",\"inLanguage\":\"es\",\"@id\":\"https:\\\/\\\/vinal.co\\\/#\\\/schema\\\/logo\\\/image\\\/\",\"url\":\"https:\\\/\\\/i2.wp.com\\\/vinal.co\\\/wp-content\\\/uploads\\\/2020\\\/09\\\/Portugal-en-una-copa-Vinal-Colombia-Logo.png?fit=216%2C252&ssl=1\",\"contentUrl\":\"https:\\\/\\\/i2.wp.com\\\/vinal.co\\\/wp-content\\\/uploads\\\/2020\\\/09\\\/Portugal-en-una-copa-Vinal-Colombia-Logo.png?fit=216%2C252&ssl=1\",\"width\":216,\"height\":252,\"caption\":\"VINAL COLOMBIA\"},\"image\":{\"@id\":\"https:\\\/\\\/vinal.co\\\/#\\\/schema\\\/logo\\\/image\\\/\"},\"sameAs\":[\"https:\\\/\\\/www.facebook.com\\\/VinalColombia\\\/\",\"https:\\\/\\\/www.instagram.com\\\/vinalcolombia\\\/\"]}]}<\/script>\n<!-- \/ Yoast SEO plugin. -->","yoast_head_json":{"title":"Vino Sol de Chile Carmenere","description":"Vino tinto Sol de Chile Carmenere, Vi\u00f1a de Aguirre valle del Maule. De intenso color rojo viol\u00e1ceo. Sus aromas nos recuerdan a frutas rojas frescas.","robots":{"index":"index","follow":"follow","max-snippet":"max-snippet:-1","max-image-preview":"max-image-preview:large","max-video-preview":"max-video-preview:-1"},"canonical":"https:\/\/vinal.co\/index.php\/product\/sol-de-chile-carmenere\/","og_locale":"es_ES","og_type":"article","og_title":"Vino Sol de Chile Carmenere","og_description":"Vino tinto Sol de Chile Carmenere, Vi\u00f1a de Aguirre valle del Maule. De intenso color rojo viol\u00e1ceo. Sus aromas nos recuerdan a frutas rojas frescas.","og_url":"https:\/\/vinal.co\/index.php\/product\/sol-de-chile-carmenere\/","og_site_name":"Vinal Colombia","article_publisher":"https:\/\/www.facebook.com\/VinalColombia\/","article_modified_time":"2026-03-08T18:40:34+00:00","og_image":[{"width":840,"height":840,"url":"https:\/\/vinal.co\/wp-content\/uploads\/2026\/02\/SDC-CR.png","type":"image\/png"}],"twitter_card":"summary_large_image","twitter_misc":{"Tiempo de lectura":"1 minuto"},"schema":{"@context":"https:\/\/schema.org","@graph":[{"@type":"WebPage","@id":"https:\/\/vinal.co\/index.php\/product\/sol-de-chile-carmenere\/","url":"https:\/\/vinal.co\/index.php\/product\/sol-de-chile-carmenere\/","name":"Vino Sol de Chile Carmenere","isPartOf":{"@id":"https:\/\/vinal.co\/#website"},"primaryImageOfPage":{"@id":"https:\/\/vinal.co\/index.php\/product\/sol-de-chile-carmenere\/#primaryimage"},"image":{"@id":"https:\/\/vinal.co\/index.php\/product\/sol-de-chile-carmenere\/#primaryimage"},"thumbnailUrl":"https:\/\/vinal.co\/wp-content\/uploads\/2026\/02\/SDC-CR.png","datePublished":"2021-03-23T00:19:03+00:00","dateModified":"2026-03-08T18:40:34+00:00","description":"Vino tinto Sol de Chile Carmenere, Vi\u00f1a de Aguirre valle del Maule. De intenso color rojo viol\u00e1ceo. Sus aromas nos recuerdan a frutas rojas frescas.","breadcrumb":{"@id":"https:\/\/vinal.co\/index.php\/product\/sol-de-chile-carmenere\/#breadcrumb"},"inLanguage":"es","potentialAction":[{"@type":"ReadAction","target":["https:\/\/vinal.co\/index.php\/product\/sol-de-chile-carmenere\/"]}]},{"@type":"ImageObject","inLanguage":"es","@id":"https:\/\/vinal.co\/index.php\/product\/sol-de-chile-carmenere\/#primaryimage","url":"https:\/\/vinal.co\/wp-content\/uploads\/2026\/02\/SDC-CR.png","contentUrl":"https:\/\/vinal.co\/wp-content\/uploads\/2026\/02\/SDC-CR.png","width":840,"height":840,"caption":"Botella vino Sol de chile cabernet carmenere"},{"@type":"BreadcrumbList","@id":"https:\/\/vinal.co\/index.php\/product\/sol-de-chile-carmenere\/#breadcrumb","itemListElement":[{"@type":"ListItem","position":1,"name":"Inicio","item":"https:\/\/vinal.co\/"},{"@type":"ListItem","position":2,"name":"Comprar","item":"https:\/\/vinal.co\/index.php\/vinal-colombia-vinos-y-alimentos\/"},{"@type":"ListItem","position":3,"name":"Sol De Chile Carmenere"}]},{"@type":"WebSite","@id":"https:\/\/vinal.co\/#website","url":"https:\/\/vinal.co\/","name":"Vinal Colombia","description":"El mundo en una copa!","publisher":{"@id":"https:\/\/vinal.co\/#organization"},"potentialAction":[{"@type":"SearchAction","target":{"@type":"EntryPoint","urlTemplate":"https:\/\/vinal.co\/?s={search_term_string}"},"query-input":{"@type":"PropertyValueSpecification","valueRequired":true,"valueName":"search_term_string"}}],"inLanguage":"es"},{"@type":"Organization","@id":"https:\/\/vinal.co\/#organization","name":"VINAL COLOMBIA","url":"https:\/\/vinal.co\/","logo":{"@type":"ImageObject","inLanguage":"es","@id":"https:\/\/vinal.co\/#\/schema\/logo\/image\/","url":"https:\/\/i2.wp.com\/vinal.co\/wp-content\/uploads\/2020\/09\/Portugal-en-una-copa-Vinal-Colombia-Logo.png?fit=216%2C252&ssl=1","contentUrl":"https:\/\/i2.wp.com\/vinal.co\/wp-content\/uploads\/2020\/09\/Portugal-en-una-copa-Vinal-Colombia-Logo.png?fit=216%2C252&ssl=1","width":216,"height":252,"caption":"VINAL COLOMBIA"},"image":{"@id":"https:\/\/vinal.co\/#\/schema\/logo\/image\/"},"sameAs":["https:\/\/www.facebook.com\/VinalColombia\/","https:\/\/www.instagram.com\/vinalcolombia\/"]}]}},"_links":{"self":[{"href":"https:\/\/vinal.co\/index.php\/wp-json\/wp\/v2\/product\/11310","targetHints":{"allow":["GET"]}}],"collection":[{"href":"https:\/\/vinal.co\/index.php\/wp-json\/wp\/v2\/product"}],"about":[{"href":"https:\/\/vinal.co\/index.php\/wp-json\/wp\/v2\/types\/product"}],"version-history":[{"count":9,"href":"https:\/\/vinal.co\/index.php\/wp-json\/wp\/v2\/product\/11310\/revisions"}],"predecessor-version":[{"id":12729,"href":"https:\/\/vinal.co\/index.php\/wp-json\/wp\/v2\/product\/11310\/revisions\/12729"}],"wp:featuredmedia":[{"embeddable":true,"href":"https:\/\/vinal.co\/index.php\/wp-json\/wp\/v2\/media\/11902"}],"wp:attachment":[{"href":"https:\/\/vinal.co\/index.php\/wp-json\/wp\/v2\/media?parent=11310"}],"wp:term":[{"taxonomy":"product_brand","embeddable":true,"href":"https:\/\/vinal.co\/index.php\/wp-json\/wp\/v2\/product_brand?post=11310"},{"taxonomy":"product_cat","embeddable":true,"href":"https:\/\/vinal.co\/index.php\/wp-json\/wp\/v2\/product_cat?post=11310"},{"taxonomy":"product_tag","embeddable":true,"href":"https:\/\/vinal.co\/index.php\/wp-json\/wp\/v2\/product_tag?post=11310"}],"curies":[{"name":"wp","href":"https:\/\/api.w.org\/{rel}","templated":true}]}}